d(x) = -6 - 159*x**2 + x**3 + 168*x**2 + 5*x + 2 + 0*x**3. Let z be d(o). Calculate the greatest common factor of 5 and z.
5
Suppose 5*t + 20 = 90. Let x(f) = f + 4 - 2*f - 4 + 2. Let m be x(0). What is the greatest common factor of m and t?
2
Let b be (4 - 2)/(1/16). Let y be 49 - (-2)/4*-2. Calculate the greatest common factor of b and y.
16
Let c(t) = -t**3 - 3*t**2 + 4*t. Let o be c(-4). Suppose o*b + 63 = b. Calculate the greatest common divisor of 9 and b.
9
Let m = 119 - 47. Calculate the greatest common factor of m and 9.
9
Let f be (26 - (7 + -3) - -4) + -4. What is the highest common factor of 22 and f?
22
Suppose 2*y + 4*r + 65 = 3*y, -y = 2*r - 89. What is the greatest common factor of y and 9?
9
Let o be (-2)/2*(-26)/2. Let m(c) = c**3 + 11*c**2 + 13*c + 2. Let j be m(-6). What is the greatest common divisor of o and j?
13
Suppose i = u - 6, -2*u + 3*i + 18 = -2*i. Suppose f = -2*y + 31, 2*y = 7*y + u*f - 70. Let x = -13 + 22. What is the highest common factor of x and y?
9
Let r = 46 + -30. What is the highest common factor of r and 32?
16
Let k(a) = -4*a - 4. Let g be k(-4). What is the greatest common divisor of 30 and g?
6
Suppose -2*h = 2 - 32. Let r = h - 8. What is the greatest common divisor of 49 and r?
7
Let z = -63 - -111. Calculate the highest common divisor of 12 and z.
12
Suppose 0 = -2*o + 12*o - 180. What is the highest common divisor of o and 6?
6
Suppose 127 = 4*f - 29. Suppose -i + 10 = j, 0 = -j - 3*j - 5*i + f. Calculate the greatest common divisor of j and 22.
11
Let a(y) = 2*y - 12. Let p be a(9). Let s(l) = 6*l - 4. Let c be s(8). Suppose -2*t + p*t = c. Calculate the greatest common divisor of t and 44.
11
Let i = -118 + 150. Calculate the greatest common divisor of 16 and i.
16
Suppose -2*d = -4*i - 56, 0 = 4*i - 7*d + 4*d + 52. Let p be 2 + 4*(-4)/i. What is the greatest common divisor of p and 3?
3
Suppose r - 2*z - 23 = -5, -111 = -5*r + 3*z. What is the greatest common divisor of 3 and r?
3
Suppose -4 = y - 25. Suppose 4*r + n - 4*n - 405 = 0, -3*r + 5*n + 290 = 0. What is the greatest common factor of y and r?
21
Suppose z - 3 = -0. Suppose -z*v + 0 = -27. Suppose 5*u = 4*u + 1. What is the highest common factor of u and v?
1
Suppose y - 67 = -4*a, -4*y + 2*a + 322 = -0*y. Suppose 0 = -2*z + 161 + y. Let i be (11/(-2))/((-4)/z). Calculate the greatest common factor of i and 15.
15
Let o(y) = y**2 + 2*y - 15. Let a be o(4). Let d = 1 - -2. Calculate the greatest common factor of a and d.
3
Let u(o) = -2*o - 20. Let h be u(-15). Calculate the greatest common factor of 130 and h.
10
Suppose -4*a + 182 = 3*r, 4*r - 38 = -4*a + 202. Suppose -5*d - 3*p = -0*p - r, -d + 5*p = -34. Calculate the highest common factor of 28 and d.
14
Let l be (-3)/7 - 5232/(-56). Calculate the greatest common divisor of l and 62.
31
Suppose 0 = -3*b + 7*b - 168. Let x = 35 - 19. Let n = x - 10. Calculate the greatest common factor of n and b.
6
Suppose x - 1 + 2 = -5*l, 0 = -3*x - 3*l + 21. Calculate the highest common divisor of x and 18.
9
Let z = 2 - 0. Suppose z*v + 30 = 5*v. Calculate the greatest common divisor of 10 and v.
10
Let p(j) = -4*j - 2. Let h be p(-5). Let r be 5 + (-1)/(-2)*4. Suppose -k + h = r. What is the greatest common divisor of k and 121?
11
Let y = -5 + 53. Calculate the highest common divisor of 6 and y.
6
Suppose 0 = -5*j + 115 - 35. What is the highest common factor of 48 and j?
16
Let z be 3/(-9) - (-1048)/12. What is the greatest common factor of z and 29?
29
Let w be 1 - 32 - 3/(-1). Let t = 44 + w. What is the greatest common divisor of t and 24?
8
Suppose 0 = 5*a - 605 - 375. Calculate the greatest common factor of 14 and a.
14
Let a(u) = -3*u - 11. Let g be a(-8). Let l be 2*(350/4)/1. Suppose 4*n - l = -5*b, -2*n - 121 = -4*b + 45. What is the highest common factor of g and b?
13
Suppose -3*i + 0*i = v - 36, 3*v + i = 76. Calculate the greatest common divisor of 16 and v.
8
Let m = 79 + 21. What is the highest common divisor of m and 20?
20
Suppose -7*n - 5*n = -252. What is the greatest common factor of 35 and n?
7
Suppose 4*h - 9 = 7. Let p = h - -2. Calculate the highest common divisor of 24 and p.
6
Suppose 2*h = 3*m - 2*h + 4, -h + 4 = 0. Suppose -m*a + 3*a = -3. Let v(c) = 2*c**2 - 1. Let y be v(a). What is the highest common factor of 68 and y?
17
Let p = -139 - -48. Let j be (p/2)/(3/(-6)). Let s(w) = -3*w + 4. Let q be s(-3). What is the highest common divisor of q and j?
13
Let s(w) = w**2 - w - 4. Let t be s(5). Let c(o) = -2*o + o**2 - 2*o + 2 + 11*o. Let j be c(-10). Calculate the greatest common divisor of t and j.
16
Let k be (-4)/3*(1 - 67). Let y be 1/(-6 - (-196)/32). Calculate the highest common factor of k and y.
8
Suppose -150 = -8*c + 682. Calculate the highest common factor of 8 and c.
8
Suppose 3*z + 5*b - 32 = 5, -5*b = 2*z - 28. What is the greatest common factor of 72 and z?
9
Let g = -135 + 151. Calculate the highest common factor of g and 24.
8
Let n(j) be the third derivative of -j**4/8 - j**3/3 - j**2. Let r be n(2). Let x be 2/8 + (-62)/r. What is the highest common factor of 56 and x?
8
Let r(g) = -1 + 6*g - 2*g + 12*g. Let y be r(4). What is the greatest common divisor of 7 and y?
7
Let w = -70 + 106. What is the greatest common divisor of 90 and w?
18
Suppose 4*b - 378 = b. Suppose m + 18 = 3*m. Let o(a) = a**2 - 7*a - 4. Let l be o(m). Calculate the greatest common divisor of b and l.
14
Let t = -20 - -45. Let a = 10 + -5. What is the highest common divisor of a and t?
5
Let p be (-5 + 1)/((-48)/(-18) - 4). Calculate the greatest common divisor of 21 and p.
3
Let h = 44 - 23. What is the greatest common factor of 189 and h?
21
Suppose -3*d = 4*d - 882. Calculate the greatest common divisor of 18 and d.
18
Let l be 1/(-4) - (-39)/(-4). Suppose -4*x - 11 = -51. Let o be (24/l)/((-3)/x). What is the greatest common divisor of 56 and o?
8
Let g be 5/(75/(-40))*-15. What is the highest common factor of g and 60?
20
Suppose 32*f = 34*f - 56. What is the greatest common factor of 56 and f?
28
Suppose -65 = -5*j - 5*l, 0*l - 29 = -j - 5*l. Calculate the highest common factor of j and 117.
9
Suppose -11 = -4*x - 4*z + 1, 4*x = 3*z + 19. Calculate the greatest common divisor of x and 20.
4
Let i = -45 + 97. What is the greatest common divisor of i and 13?
13
Let h(q) = -q**3 - 20*q**2 + 22*q + 30. Let d be h(-21). Calculate the greatest common divisor of 9 and d.
9
Let d = 67 - 11. Suppose 0 = 4*j + g - 24, -21 - 30 = -5*j + 4*g. Calculate the highest common factor of j and d.
7
Let t = -9 + 9. Suppose 20 = i - 6*h + 3*h, 3*i + 4*h - 86 = t. What is the greatest common factor of i and 260?
26
Let k be 24/((-15)/5)*-1. Let z(h) = 5*h + 2. Let j be z(4). Let a = k + j. Calculate the greatest common factor of a and 75.
15
Let i = -109 + 353. Let j(h) = 3*h - 4. Let o be j(3). Suppose 0 = o*a - 4*v - i - 111, 5*v = -2*a + 175. What is the highest common factor of 30 and a?
15
Let o = -15 - -23. What is the highest common divisor of 2 and o?
2
Let i be (3 - -2)/(-5) - -43. What is the greatest common factor of 6 and i?
6
Let q be (-51)/(-5)*100/30. Calculate the greatest common divisor of 272 and q.
34
Let l(n) = n**3 - 3*n**2 + 4*n - 2. Let u be l(2). Suppose 0 = 3*r - u*o - 226, -3*r + 5*r + 4*o - 124 = 0. What is the highest common divisor of r and 9?
9
Let y(j) = j**3 - 3*j**2 + 3*j. Let v be y(3). Calculate the greatest common factor of 72 and v.
9
Suppose -6*y + y = -20. Let l be (2/(-4))/(19/(-3724)). Suppose -126 - l = -y*o. Calculate the highest common divisor of o and 14.
14
Let i be (57/2)/((-9)/(-12)). Let x = 146 - 94. Suppose 5*m - x = -a, -3*m + 115 = 2*a - 4*m. Calculate the greatest common factor of a and i.
19
Let l(s) = 8 - 12 - 6 + 13*s. Let q be l(9). Suppose -4*v + q = -233. Calculate the greatest common factor of v and 17.
17
Let c(s) = -2*s + 4. Let u(k) = -k + 1. Let m(l) = -5*c(l) + 20*u(l). Let i be m(-1). Let y = 42 + -22. What is the greatest common factor of i and y?
10
Let v(u) = 13*u**2 + 2*u - 1. Let l be v(1). Calculate the highest common factor of l and 21.
7
Let y be 2 + 0 + 1 + -1. Let b be 115 - (-1 + -3 + y). Calculate the highest common factor of b and 13.
13
Let f = -2 - -3. Let p be (-16)/(-8) - (-1 - -1). Calculate the gre